{"id":18,"date":"2018-10-21T13:34:26","date_gmt":"2018-10-21T13:34:26","guid":{"rendered":"https:\/\/dr-haenselmann.de\/?page_id=18"},"modified":"2025-08-24T17:41:20","modified_gmt":"2025-08-24T17:41:20","slug":"das-team","status":"publish","type":"page","link":"https:\/\/www.dr-haenselmann.de\/index.php\/das-team\/","title":{"rendered":"Das Team"},"content":{"rendered":"<section id=\"content\">\n<article>\n<h1>Die \u00c4rzte<\/h1>\n<h3>Michaela H\u00e4nselmann<\/h3>\n<h4>Fach\u00e4rztin f\u00fcr Allgemeinmedizin<\/h4>\n<p><img loading=\"lazy\" decoding=\"async\" class=\" wp-image-792 alignright\" src=\"https:\/\/www.dr-haenselmann.de\/wp-content\/uploads\/2025\/08\/Michaela.jpg\" alt=\"\" width=\"288\" height=\"340\" srcset=\"https:\/\/www.dr-haenselmann.de\/wp-content\/uploads\/2025\/08\/Michaela.jpg 590w, https:\/\/www.dr-haenselmann.de\/wp-content\/uploads\/2025\/08\/Michaela-255x300.jpg 255w, https:\/\/www.dr-haenselmann.de\/wp-content\/uploads\/2025\/08\/Michaela-98x116.jpg 98w\" sizes=\"auto, (max-width: 288px) 100vw, 288px\" \/>Frau H\u00e4nselmann begann ihr Medizinstudium an der Gutenberg-Universit\u00e4t in Mainz 2008 anf\u00e4nglich bereits aus dem Wunsch heraus, sp\u00e4ter einmal Land\u00e4rztin zu werden. <br \/>Nach der Approbation als \u00c4rztin 2016 folgten allerdings zun\u00e4chst erst einmal Stationen in den Bereichen der Neurologie in Idar-Oberstein und der Geriatrie in Bad Krozingen.<\/p>\n<p>Letztlich setzte sich der urspr\u00fcngliche Plan durch die Freude an der \u00e4rztlichen T\u00e4tigkeit nah am Menschen und der Liebe zum Schwarzwald (sowie nicht zuletzt zu einem Schwarzw\u00e4lder) aber doch noch durch, und so wechselte Frau H\u00e4nselmann 2020 nach Schweighausen in die hiesige Landarztpraxis.<\/p>\n<p>Nachdem sie hier ihre Weiterbildung zur Fach\u00e4rztin f\u00fcr Allgemeinmedizin 2025 erfolgreich vollenden konnte, hat Sie seit 01.04.2025 die Leitung der Praxis als Teilhaberin \u00fcbernommen.<\/p>\n<h3>\u00a0<\/h3>\n<h3>Dr. med. Benjamin H\u00e4nselmann<\/h3>\n<h4>Facharzt f\u00fcr Allgemeinmedizin<\/h4>\n<p><img loading=\"lazy\" decoding=\"async\" class=\"wp-image-699  alignright\" src=\"https:\/\/www.dr-haenselmann.de\/wp-content\/uploads\/2024\/01\/Benjamin.jpg\" alt=\"\" width=\"288\" height=\"340\" srcset=\"https:\/\/www.dr-haenselmann.de\/wp-content\/uploads\/2024\/01\/Benjamin.jpg 590w, https:\/\/www.dr-haenselmann.de\/wp-content\/uploads\/2024\/01\/Benjamin-255x300.jpg 255w, https:\/\/www.dr-haenselmann.de\/wp-content\/uploads\/2024\/01\/Benjamin-98x116.jpg 98w\" sizes=\"auto, (max-width: 288px) 100vw, 288px\" \/><\/p>\n<p>Selbst in Schweighausen aufgewachsen, studierte Herr Dr. H\u00e4nselmann von 2009 bis 2016 Humanmedizin an der Albert-Ludwigs-Universit\u00e4t Freiburg. Die Promotion erfolgte im Rahmen einer Kooperation zwischen dem Institut fu\u0308r Infektionspr\u00e4vention und Krankenhaushygiene und der Urologischen Abteilung am Universit\u00e4tsklinikum Freiburg.<\/p>\n<p>Nach Weiterbildung an verschiedenen Stellen in den Bereichen An\u00e4sthesiologie, Gastroenterologie, sowie der neurologischen Intensivmedizin und Fr\u00fchrehabilitation entschloss sich Herr Dr. H\u00e4nselmann 2020 \u201emit Kind und Kegel\u201c zur\u00fcck in die Heimat nach Schweighausen zu ziehen und zusammen mit seiner Frau Michaela in der alteingesessenen Hausarztpraxis als Allgemeinmediziner zu arbeiten.<\/p>\n<p>Zun\u00e4chst noch angestellt als Weiterbildungsassistent, ist er nach bestandener Facharztpr\u00fcfung seit 2024 als Praxisteilhaber t\u00e4tig.<\/p>\n<p><strong>\u00a0<\/strong><\/p>\n<header>\n<div id=\"team_container\">\n<h1>Unsere Mitarbeiter<\/h1>\n<h4>Das R\u00fcckgrat unserer Praxis&#8230;<\/h4>\n<div style=\"display: table; border: 0px;\">\n<div style=\"display: table-cell; padding: 12px;\">\u00a0<\/div>\n<div style=\"display: table-row;\">\n<p><img loading=\"lazy\" decoding=\"async\" class=\"alignnone size-full wp-image-51\" src=\"https:\/\/www.dr-haenselmann.de\/wp-content\/uploads\/2018\/10\/team_02_angelika.jpg\" alt=\"\" width=\"160\" height=\"200\" \/><\/p>\n<h3 class=\"team\">Angelika Buderer<\/h3>\n<p><strong>MFA<\/strong><\/p>\n<p>Arbeitet seit 1989 in unserer Praxis.<\/p>\n<p><img loading=\"lazy\" decoding=\"async\" class=\"alignnone size-full wp-image-52\" src=\"https:\/\/www.dr-haenselmann.de\/wp-content\/uploads\/2018\/10\/team_03_maria.jpg\" alt=\"\" width=\"160\" height=\"200\" \/><\/p>\n<h3 class=\"team\">Maria Fehrenbacher<\/h3>\n<p><strong>MFA<\/strong><\/p>\n<p>Arbeitet seit 2008 in unserer Praxis.<\/p>\n<p><img loading=\"lazy\" decoding=\"async\" class=\"alignnone size-full wp-image-53\" src=\"https:\/\/www.dr-haenselmann.de\/wp-content\/uploads\/2018\/10\/team_04_regina.jpg\" alt=\"\" width=\"160\" height=\"200\" \/><\/p>\n<h3 class=\"team\">Regina Himmelsbach<\/h3>\n<p><strong>MFA<\/strong><\/p>\n<p>Arbeitet seit 2008 in unserer Praxis.<\/p>\n<p><img loading=\"lazy\" decoding=\"async\" class=\"alignnone size-full wp-image-427\" src=\"https:\/\/www.dr-haenselmann.de\/wp-content\/uploads\/2020\/10\/Sandra-150x150.jpg\" alt=\"\" width=\"207\" height=\"200\" srcset=\"https:\/\/www.dr-haenselmann.de\/wp-content\/uploads\/2020\/10\/Sandra-300x290.jpg 300w, https:\/\/www.dr-haenselmann.de\/wp-content\/uploads\/2020\/10\/Sandra-1024x991.jpg 1024w, https:\/\/www.dr-haenselmann.de\/wp-content\/uploads\/2020\/10\/Sandra-768x743.jpg 768w, https:\/\/www.dr-haenselmann.de\/wp-content\/uploads\/2020\/10\/Sandra-1536x1486.jpg 1536w, https:\/\/www.dr-haenselmann.de\/wp-content\/uploads\/2020\/10\/Sandra.jpg 1843w\" sizes=\"auto, (max-width: 207px) 100vw, 207px\" \/><\/p>\n<h3 class=\"team\">Sandra Zehnle<\/h3>\n<p><strong>Krankenschwester<\/strong><\/p>\n<p>Arbeitet seit 2019 in unserer Praxis<\/p>\n<h3><img loading=\"lazy\" decoding=\"async\" class=\"wp-image-794  alignnone\" src=\"https:\/\/www.dr-haenselmann.de\/wp-content\/uploads\/2025\/08\/Julia-240x300.jpg\" alt=\"\" width=\"160\" height=\"200\" srcset=\"https:\/\/www.dr-haenselmann.de\/wp-content\/uploads\/2025\/08\/Julia-240x300.jpg 240w, https:\/\/www.dr-haenselmann.de\/wp-content\/uploads\/2025\/08\/Julia-93x116.jpg 93w, https:\/\/www.dr-haenselmann.de\/wp-content\/uploads\/2025\/08\/Julia.jpg 432w\" sizes=\"auto, (max-width: 160px) 100vw, 160px\" \/><\/h3>\n<h3 class=\"team\">Julia G\u00f6ppert<\/h3>\n<p><strong>MFA<\/strong><\/p>\n<p>Arbeitet seit 2023 in unserer Praxis<\/p>\n<\/div>\n<\/div>\n<\/div>\n<\/header><\/article>\n<\/section>\n<section><\/section>\n\n\n<p><\/p>\n","protected":false},"excerpt":{"rendered":"<p>Die \u00c4rzte Michaela H\u00e4nselmann Fach\u00e4rztin f\u00fcr Allgemeinmedizin Frau H\u00e4nselmann begann ihr Medizinstudium an der Gutenberg-Universit\u00e4t in Mainz 2008 anf\u00e4nglich bereits aus dem Wunsch heraus, sp\u00e4ter einmal Land\u00e4rztin zu werden. Nach der Approbation als \u00c4rztin&#46;&#46;&#46;<\/p>\n","protected":false},"author":1,"featured_media":0,"parent":0,"menu_order":0,"comment_status":"closed","ping_status":"closed","template":"","meta":{"footnotes":""},"class_list":["post-18","page","type-page","status-publish","hentry"],"_links":{"self":[{"href":"https:\/\/www.dr-haenselmann.de\/index.php\/wp-json\/wp\/v2\/pages\/18","targetHints":{"allow":["GET"]}}],"collection":[{"href":"https:\/\/www.dr-haenselmann.de\/index.php\/wp-json\/wp\/v2\/pages"}],"about":[{"href":"https:\/\/www.dr-haenselmann.de\/index.php\/wp-json\/wp\/v2\/types\/page"}],"author":[{"embeddable":true,"href":"https:\/\/www.dr-haenselmann.de\/index.php\/wp-json\/wp\/v2\/users\/1"}],"replies":[{"embeddable":true,"href":"https:\/\/www.dr-haenselmann.de\/index.php\/wp-json\/wp\/v2\/comments?post=18"}],"version-history":[{"count":40,"href":"https:\/\/www.dr-haenselmann.de\/index.php\/wp-json\/wp\/v2\/pages\/18\/revisions"}],"predecessor-version":[{"id":795,"href":"https:\/\/www.dr-haenselmann.de\/index.php\/wp-json\/wp\/v2\/pages\/18\/revisions\/795"}],"wp:attachment":[{"href":"https:\/\/www.dr-haenselmann.de\/index.php\/wp-json\/wp\/v2\/media?parent=18"}],"curies":[{"name":"wp","href":"https:\/\/api.w.org\/{rel}","templated":true}]}}

<section id="content">
<article>
<h1>Die Ärzte</h1>
<h3>Michaela Hänselmann</h3>
<h4>Fachärztin für Allgemeinmedizin</h4>
<p><img loading="lazy" decoding="async" class=" wp-image-792 alignright" src="https://www.dr-haenselmann.de/wp-content/uploads/2025/08/Michaela.jpg" alt="" width="288" height="340" srcset="https://www.dr-haenselmann.de/wp-content/uploads/2025/08/Michaela.jpg 590w, https://www.dr-haenselmann.de/wp-content/uploads/2025/08/Michaela-255x300.jpg 255w, https://www.dr-haenselmann.de/wp-content/uploads/2025/08/Michaela-98x116.jpg 98w" sizes="auto, (max-width: 288px) 100vw, 288px" />Frau Hänselmann begann ihr Medizinstudium an der Gutenberg-Universität in Mainz 2008 anfänglich bereits aus dem Wunsch heraus, später einmal Landärztin zu werden. <br />Nach der Approbation als Ärztin 2016 folgten allerdings zunächst erst einmal Stationen in den Bereichen der Neurologie in Idar-Oberstein und der Geriatrie in Bad Krozingen.</p>
<p>Letztlich setzte sich der ursprüngliche Plan durch die Freude an der ärztlichen Tätigkeit nah am Menschen und der Liebe zum Schwarzwald (sowie nicht zuletzt zu einem Schwarzwälder) aber doch noch durch, und so wechselte Frau Hänselmann 2020 nach Schweighausen in die hiesige Landarztpraxis.</p>
<p>Nachdem sie hier ihre Weiterbildung zur Fachärztin für Allgemeinmedizin 2025 erfolgreich vollenden konnte, hat Sie seit 01.04.2025 die Leitung der Praxis als Teilhaberin übernommen.</p>
<h3> </h3>
<h3>Dr. med. Benjamin Hänselmann</h3>
<h4>Facharzt für Allgemeinmedizin</h4>
<p><img loading="lazy" decoding="async" class="wp-image-699  alignright" src="https://www.dr-haenselmann.de/wp-content/uploads/2024/01/Benjamin.jpg" alt="" width="288" height="340" srcset="https://www.dr-haenselmann.de/wp-content/uploads/2024/01/Benjamin.jpg 590w, https://www.dr-haenselmann.de/wp-content/uploads/2024/01/Benjamin-255x300.jpg 255w, https://www.dr-haenselmann.de/wp-content/uploads/2024/01/Benjamin-98x116.jpg 98w" sizes="auto, (max-width: 288px) 100vw, 288px" /></p>
<p>Selbst in Schweighausen aufgewachsen, studierte Herr Dr. Hänselmann von 2009 bis 2016 Humanmedizin an der Albert-Ludwigs-Universität Freiburg. Die Promotion erfolgte im Rahmen einer Kooperation zwischen dem Institut für Infektionsprävention und Krankenhaushygiene und der Urologischen Abteilung am Universitätsklinikum Freiburg.</p>
<p>Nach Weiterbildung an verschiedenen Stellen in den Bereichen Anästhesiologie, Gastroenterologie, sowie der neurologischen Intensivmedizin und Frührehabilitation entschloss sich Herr Dr. Hänselmann 2020 „mit Kind und Kegel“ zurück in die Heimat nach Schweighausen zu ziehen und zusammen mit seiner Frau Michaela in der alteingesessenen Hausarztpraxis als Allgemeinmediziner zu arbeiten.</p>
<p>Zunächst noch angestellt als Weiterbildungsassistent, ist er nach bestandener Facharztprüfung seit 2024 als Praxisteilhaber tätig.</p>
<p><strong> </strong></p>
<header>
<div id="team_container">
<h1>Unsere Mitarbeiter</h1>
<h4>Das Rückgrat unserer Praxis&#8230;</h4>
<div style="display: table; border: 0px;">
<div style="display: table-cell; padding: 12px;"> </div>
<div style="display: table-row;">
<p><img loading="lazy" decoding="async" class="alignnone size-full wp-image-51" src="https://www.dr-haenselmann.de/wp-content/uploads/2018/10/team_02_angelika.jpg" alt="" width="160" height="200" /></p>
<h3 class="team">Angelika Buderer</h3>
<p><strong>MFA</strong></p>
<p>Arbeitet seit 1989 in unserer Praxis.</p>
<p><img loading="lazy" decoding="async" class="alignnone size-full wp-image-52" src="https://www.dr-haenselmann.de/wp-content/uploads/2018/10/team_03_maria.jpg" alt="" width="160" height="200" /></p>
<h3 class="team">Maria Fehrenbacher</h3>
<p><strong>MFA</strong></p>
<p>Arbeitet seit 2008 in unserer Praxis.</p>
<p><img loading="lazy" decoding="async" class="alignnone size-full wp-image-53" src="https://www.dr-haenselmann.de/wp-content/uploads/2018/10/team_04_regina.jpg" alt="" width="160" height="200" /></p>
<h3 class="team">Regina Himmelsbach</h3>
<p><strong>MFA</strong></p>
<p>Arbeitet seit 2008 in unserer Praxis.</p>
<p><img loading="lazy" decoding="async" class="alignnone size-full wp-image-427" src="https://www.dr-haenselmann.de/wp-content/uploads/2020/10/Sandra-150x150.jpg" alt="" width="207" height="200" srcset="https://www.dr-haenselmann.de/wp-content/uploads/2020/10/Sandra-300x290.jpg 300w, https://www.dr-haenselmann.de/wp-content/uploads/2020/10/Sandra-1024x991.jpg 1024w, https://www.dr-haenselmann.de/wp-content/uploads/2020/10/Sandra-768x743.jpg 768w, https://www.dr-haenselmann.de/wp-content/uploads/2020/10/Sandra-1536x1486.jpg 1536w, https://www.dr-haenselmann.de/wp-content/uploads/2020/10/Sandra.jpg 1843w" sizes="auto, (max-width: 207px) 100vw, 207px" /></p>
<h3 class="team">Sandra Zehnle</h3>
<p><strong>Krankenschwester</strong></p>
<p>Arbeitet seit 2019 in unserer Praxis</p>
<h3><img loading="lazy" decoding="async" class="wp-image-794  alignnone" src="https://www.dr-haenselmann.de/wp-content/uploads/2025/08/Julia-240x300.jpg" alt="" width="160" height="200" srcset="https://www.dr-haenselmann.de/wp-content/uploads/2025/08/Julia-240x300.jpg 240w, https://www.dr-haenselmann.de/wp-content/uploads/2025/08/Julia-93x116.jpg 93w, https://www.dr-haenselmann.de/wp-content/uploads/2025/08/Julia.jpg 432w" sizes="auto, (max-width: 160px) 100vw, 160px" /></h3>
<h3 class="team">Julia Göppert</h3>
<p><strong>MFA</strong></p>
<p>Arbeitet seit 2023 in unserer Praxis</p>
</div>
</div>
</div>
</header></article>
</section>
<section></section>


<p></p>

<p>Die Ärzte Michaela Hänselmann Fachärztin für Allgemeinmedizin Frau Hänselmann begann ihr Medizinstudium an der Gutenberg-Universität in Mainz 2008 anfänglich bereits aus dem Wunsch heraus, später einmal Landärztin zu werden. Nach der Approbation als Ärztin&#46;&#46;&#46;</p>
